{"id":91229,"date":"2026-03-27T11:24:28","date_gmt":"2026-03-27T10:24:28","guid":{"rendered":"https:\/\/onehealth-region.de\/?post_type=evge_event&#038;p=91229"},"modified":"2026-03-27T11:25:26","modified_gmt":"2026-03-27T10:25:26","slug":"hauptsache-gesund-teil-3-umwelt","status":"publish","type":"evge_event","link":"https:\/\/onehealth-region.de\/en\/event\/hauptsache-gesund-teil-3-umwelt\/","title":{"rendered":"Hauptsache Gesund!? Teil 3: Umwelt"},"content":{"rendered":"<p><strong>Das gro\u00dfe Finale der \u201eHauptsache gesund!?-Trilogie\u201c<br \/>\nStationen-Theater ums Horster Moor<\/strong><\/p>\n<div class=\"page\" title=\"Page 1\">\n<div class=\"layoutArea\">\n<div class=\"column\">\n<p><strong>\u00a0<\/strong><strong>Wir bringen Gesundheit ins Spiel.<\/strong><\/p>\n<p><strong>\u00a0<\/strong>Nach \u201eTeil 1: Mensch\u201c und \u201eTeil 2: Tier\u201c widmen wir uns zum Abschluss dem gro\u00dfen Ganzen: unserer Umwelt. Welche Beziehungen bestehen zwischen der Gesundheit von Mensch, Tier und Umwelt? Was meint der One-Health-Gedanke und wer profitiert davon? Auf der Suche nach Antworten gehen wir zur\u00fcck auf die Voraussetzungen von Leben und Gesundheit: Licht, Luft, Wasser und Boden. Wir betrachten die planetaren Kreisl\u00e4ufe, schauen wodurch diese gef\u00e4hrdet sind und was diese St\u00f6rungen mit uns allen machen.<\/p>\n<p>Unser St\u00fcck f\u00fchrt uns diesmal nicht ins Theater, sondern direkt hinein in die Natur \u2013 auf der Suche nach der legend\u00e4ren Moorleiche begeben sich die Teilnehmenden auf eine k\u00fcnstlerische Safari ums Horster Moor im Wendorfer Holz. Links und rechts des Weges wartet viel \u00dcberraschendes und l\u00e4dt dazu ein, die Natur mit allen Sinnen wahrzunehmen.<\/p>\n<p>Idee und Regie: Henriette Sehmsdorf<br \/>\nKost\u00fcme: Stefanie Gruber<br \/>\nMit Katja Klemt, Jana Nedorost und Benjamin Saupe<br \/>\nsowie Lars Gr\u00fcnwoldt, Immanuel Mus\u00e4us, Karen Salewski und mehr!<\/p>\n<p>Der Eintritt ist frei. Spenden werden dankbar angenommen.<br \/>\nUm Anmeldung wird gebeten unter karten@opernale.de.<\/p>\n<p><strong>\u00a0<\/strong><strong>Premiere<\/strong><\/p>\n<p>Freitag, 18. September 2026 \u00a0\u00a0\u00a0\u00a0\u00a0\u00a0\u00a0\u00a0\u00a0\u00a0\u00a0\u00a0\u00a0\u00a0\u00a0\u00a0\u00a0\u00a0\u00a0\u00a0\u00a0\u00a0\u00a0\u00a0\u00a0\u00a0\u00a0\u00a0\u00a0\u00a0\u00a0\u00a0\u00a0 Horster Moor im Wendorfer Holz<\/p>\n<p><strong>weitere Vorstellungen:<\/strong><\/p>\n<p>Samstag, 19. September 2026 \u00a0\u00a0\u00a0\u00a0\u00a0\u00a0\u00a0\u00a0\u00a0\u00a0\u00a0\u00a0\u00a0\u00a0\u00a0\u00a0\u00a0\u00a0\u00a0\u00a0\u00a0\u00a0\u00a0\u00a0\u00a0\u00a0\u00a0\u00a0\u00a0 Horster Moor im Wendorfer Holz<\/p>\n<p>Sonntag, 20. September 2026 \u00a0\u00a0\u00a0\u00a0\u00a0\u00a0\u00a0\u00a0\u00a0\u00a0\u00a0\u00a0\u00a0\u00a0\u00a0\u00a0\u00a0\u00a0\u00a0\u00a0\u00a0\u00a0\u00a0\u00a0\u00a0\u00a0\u00a0\u00a0\u00a0\u00a0 Horster Moor im Wendorfer Holz<\/p>\n<p>Samstag, 26. September 2026\u00a0\u00a0\u00a0\u00a0\u00a0\u00a0\u00a0\u00a0\u00a0\u00a0\u00a0\u00a0\u00a0\u00a0\u00a0\u00a0\u00a0\u00a0\u00a0\u00a0\u00a0\u00a0\u00a0\u00a0\u00a0\u00a0\u00a0\u00a0\u00a0\u00a0 Horster Moor im Wendorfer Holz<\/p>\n<p>Sonntag, 27. September 2026 \u00a0\u00a0\u00a0\u00a0\u00a0\u00a0\u00a0\u00a0\u00a0\u00a0\u00a0\u00a0\u00a0\u00a0\u00a0\u00a0\u00a0\u00a0\u00a0\u00a0\u00a0\u00a0\u00a0\u00a0\u00a0\u00a0\u00a0\u00a0\u00a0\u00a0 Horster Moor im Wendorfer Holz<\/p>\n<p><em>Das Projekt wird gef\u00f6rdert aus Mitteln des Bundesministeriums f\u00fcr Forschung, Technologie und Raumfahrt, TransferR\u00e4ume f\u00fcr die Zukunft von Regionen, ONE-HEALTH-REGION Vorpommern.<\/em><\/p>\n<p><em>Wir danken dem Forstamt Poggendorf und dem Landesforst MV f\u00fcr die freundliche Genehmigung.<\/em><\/p>\n<\/div>\n<\/div>\n<\/div>","protected":false},"author":2,"featured_media":91230,"menu_order":0,"template":"","evge_event_cat":[],"evge_event_tag":[],"class_list":["post-91229","evge_event","type-evge_event","status-publish","has-post-thumbnail","hentry","description-off"],"_links":{"self":[{"href":"https:\/\/onehealth-region.de\/en\/wp-json\/wp\/v2\/evge_event\/91229","targetHints":{"allow":["GET"]}}],"collection":[{"href":"https:\/\/onehealth-region.de\/en\/wp-json\/wp\/v2\/evge_event"}],"about":[{"href":"https:\/\/onehealth-region.de\/en\/wp-json\/wp\/v2\/types\/evge_event"}],"author":[{"embeddable":true,"href":"https:\/\/onehealth-region.de\/en\/wp-json\/wp\/v2\/users\/2"}],"wp:featuredmedia":[{"embeddable":true,"href":"https:\/\/onehealth-region.de\/en\/wp-json\/wp\/v2\/media\/91230"}],"wp:attachment":[{"href":"https:\/\/onehealth-region.de\/en\/wp-json\/wp\/v2\/media?parent=91229"}],"wp:term":[{"taxonomy":"evge_event_cat","embeddable":true,"href":"https:\/\/onehealth-region.de\/en\/wp-json\/wp\/v2\/evge_event_cat?post=91229"},{"taxonomy":"evge_event_tag","embeddable":true,"href":"https:\/\/onehealth-region.de\/en\/wp-json\/wp\/v2\/evge_event_tag?post=91229"}],"curies":[{"name":"wp","href":"https:\/\/api.w.org\/{rel}","templated":true}]}}

<p><strong>Das große Finale der „Hauptsache gesund!?-Trilogie“<br />
Stationen-Theater ums Horster Moor</strong></p>
<div class="page" title="Page 1">
<div class="layoutArea">
<div class="column">
<p><strong> </strong><strong>Wir bringen Gesundheit ins Spiel.</strong></p>
<p><strong> </strong>Nach „Teil 1: Mensch“ und „Teil 2: Tier“ widmen wir uns zum Abschluss dem großen Ganzen: unserer Umwelt. Welche Beziehungen bestehen zwischen der Gesundheit von Mensch, Tier und Umwelt? Was meint der One-Health-Gedanke und wer profitiert davon? Auf der Suche nach Antworten gehen wir zurück auf die Voraussetzungen von Leben und Gesundheit: Licht, Luft, Wasser und Boden. Wir betrachten die planetaren Kreisläufe, schauen wodurch diese gefährdet sind und was diese Störungen mit uns allen machen.</p>
<p>Unser Stück führt uns diesmal nicht ins Theater, sondern direkt hinein in die Natur – auf der Suche nach der legendären Moorleiche begeben sich die Teilnehmenden auf eine künstlerische Safari ums Horster Moor im Wendorfer Holz. Links und rechts des Weges wartet viel Überraschendes und lädt dazu ein, die Natur mit allen Sinnen wahrzunehmen.</p>
<p>Idee und Regie: Henriette Sehmsdorf<br />
Kostüme: Stefanie Gruber<br />
Mit Katja Klemt, Jana Nedorost und Benjamin Saupe<br />
sowie Lars Grünwoldt, Immanuel Musäus, Karen Salewski und mehr!</p>
<p>Der Eintritt ist frei. Spenden werden dankbar angenommen.<br />
Um Anmeldung wird gebeten unter karten@opernale.de.</p>
<p><strong> </strong><strong>Premiere</strong></p>
<p>Freitag, 18. September 2026                                   Horster Moor im Wendorfer Holz</p>
<p><strong>weitere Vorstellungen:</strong></p>
<p>Samstag, 19. September 2026                               Horster Moor im Wendorfer Holz</p>
<p>Sonntag, 20. September 2026                                Horster Moor im Wendorfer Holz</p>
<p>Samstag, 26. September 2026                               Horster Moor im Wendorfer Holz</p>
<p>Sonntag, 27. September 2026                                Horster Moor im Wendorfer Holz</p>
<p><em>Das Projekt wird gefördert aus Mitteln des Bundesministeriums für Forschung, Technologie und Raumfahrt, TransferRäume für die Zukunft von Regionen, ONE-HEALTH-REGION Vorpommern.</em></p>
<p><em>Wir danken dem Forstamt Poggendorf und dem Landesforst MV für die freundliche Genehmigung.</em></p>
</div>
</div>
</div>
